e
Let u = 25780 + 82018. Is u prime?
False
Let j(d) = -39300*d - 1757. Is j(-4) composite?
False
Is -33 + 34859190/210 + 8/(-7) a prime number?
False
Let b be 5/10 - (-17)/2. Suppose b*r = -5*f + 6*r + 24812, r - 24814 = -5*f. Is f prime?
False
Let s = -472967 - -758016. Is s a composite number?
False
Let w be 1*4*21/(-28). Let o(p) be the third derivative of 23*p**5/30 - p**4/4 - 13*p**3/6 - 2*p**2. Is o(w) prime?
True
Let q = -8160 - -106619. Is q composite?
False
Suppose 2*d + d = 2565. Suppose -d = -t - 156. Suppose -2*p = -1499 - t. Is p composite?
True
Let x(k) = k**3 - 18*k**2 + 37*k - 37. Let p be x(18). Let y = 4280 - p. Is y a prime number?
False
Suppose -2 = -2*r - 4*b - 6, 2*r + 4 = -2*b. Suppose -5*a = -2*a - 24. Is 9919/52 - r/a composite?
False
Suppose 115*v = 387*v + 142*v + 4968. Suppose -2*m + 295 = 5*l, -295 = -l - 4*l - 5*m. Let o = l + v. Is o composite?
False
Let j = -171947 - -253344. Suppose -5669 = 16*p - j. Is p a composite number?
False
Let p = -31085 + 225676. Is p composite?
False
Suppose -5*d + 3*c = 0, -4*d - 3*c + 17 = -2*c. Let a = 5 - d. Is ((-627)/2 - 2)/((-1)/a) composite?
False
Suppose 4*o = -4*y + y + 130, 0 = 5*o + 2*y - 159. Suppose -o*p + 26*p = -340. Let l = 389 + p. Is l a prime number?
True
Suppose 178237*k - 178258*k = -10733289. Is k prime?
True
Suppose 3*l = -q + 1560853, -2855381 = -5*l - q - 253962. Is l a composite number?
True
Suppose 2*c - 4*s - 4 = -0*s, 0 = -5*s + 20. Suppose c*a - a = -126. Is 1/(21/6) + (-3734)/a a prime number?
False
Suppose -5398 = 7*x + 6222. Is (-2 - x) + 15/(-5) a composite number?
True
Let x = 90028 + -37656. Suppose 3*j + j = x. Is j a composite number?
False
Suppose -3*f + 261439 = 82*k - 86*k, 2*k = -4*f + 348600. Is f a prime number?
True
Let q(l) = 163*l**2 - 9*l - 29. Let z be q(9). Suppose -2*j = -j - z. Is j a composite number?
False
Let z be 340/14 - (-24)/(-84). Let g = 170 + z. Is g a composite number?
True
Suppose 0 = 5*g - u - 104, -2*u + 9 = -g + 28. Let x = g + -9. Is (0 + (-114)/x)*(1 - 3) a prime number?
True
Let q = -1594964 + 2600505. Is q a prime number?
True
Let k = -218 + 221. Suppose -1569 = k*b - 48060. Is b prime?
True
Let h = 84603 + -14989. Is h a composite number?
True
Let y be (0 + -2)/(2/204). Suppose 4*h + 318 = -5*d + 433, 34 = d + 3*h. Is (d - 19) + (-1 - y) composite?
True
Let s(b) = -b**3 + 8*b**2 + 19*b + 13. Let m be s(10). Let h be m + (3 - 0) + -2. Suppose -p - 4*u + 2351 = 0, -h*p - 2*u + u + 9434 = 0. Is p a prime number?
False
Suppose -2*s + t + 50387 = 0, -2*s + 50384 = 52*t - 54*t. Is s a prime number?
False
Let k(j) = 11*j**2 + 29*j + 21. Let i(g) = 11*g**2 + 39*g - 5. Let d be i(-4). Is k(d) a composite number?
True
Let c be (-15)/(-4) - 12/16. Suppose -4*i + 3*k + 4679 = 0, -c*i + k = 2*i - 5846. Is i composite?
True
Let v = 90312 + 47335. Is v a prime number?
False
Let h be ((-32)/20)/((-2)/(-10)). Let d = h + -4. Is (1/(-2))/(d/1224) prime?
False
Let j(s) = -3*s - 10. Let u be j(-4). Let z be -1 + -5 + 3 + u. Is 4/(-18) + z*1282/(-18) composite?
False
Let a(d) = -3513*d**3 + 44*d**2 - 6*d - 22. Is a(-5) composite?
True
Let n(q) = q + 4. Let w be n(-4). Suppose 0 = z + 2*o - 11 - 3, -4*z = -3*o - 23. Suppose z*s - 3412 = 3*s + y, -y + 3 = w. Is s a composite number?
False
Suppose -m - k = -1124147, k = 3*m + 12*k - 3372377. Is m composite?
True
Suppose 3*x - 22214 = -2*h, -558*h + 555*h - 22194 = -3*x. Is x prime?
False
Is 95/25 + (-21580146)/(-105) composite?
False
Let b(x) = 1 - x**3 - 4 + x + 7 - 5. Let i(p) = p**3 - 4*p**2 + 22. Let z(r) = 4*b(r) - i(r). Is z(-5) composite?
True
Let a be 1 + 17 - (57 - 58). Suppose -i - 2*l = -1438, 0*i - 3*l - 4314 = -3*i. Suppose t - i = a. Is t composite?
True
Let y be ((-32)/(-40))/(1/10) + 0. Suppose y*k - 1254 = 162. Is k a composite number?
True
Suppose -1616228 = -103*r + 1350069. Is r composite?
True
Let b be -105*(4/(-12) + 0). Let f = -56 + b. Let x = f - -60. Is x a prime number?
False
Let n = -8754 + 21047. Let p = 17332 - n. Is p a prime number?
True
Let q be (18/(-4))/3*(-1 + -1). Let a = q + 2. Suppose 3*c - 2*l - 573 = -5*l, -4*c = a*l - 764. Is c a composite number?
False
Suppose 7*k - 162 = k. Suppose -4*p - k = -5*y - 74, 3*y = p - 24. Is (-3)/((y + 3)/4) - -350 composite?
False
Let y(w) = 5*w + 13. Let j(t) = 11*t + 26. Let l(m) = -2*j(m) + 5*y(m). Let s be l(-5). Is (-1)/(s/3 - 525/(-791)) a composite number?
True
Let a(y) = 167*y**2 + 220*y + 149. Is a(24) prime?
False
Suppose 0 = -3*p - 3*x + 36, p - 4*x + 1 + 2 = 0. Suppose 5*a = -2*g + 2722, -10*a = -p*a. Is g a composite number?
False
Suppose 2*h - 74*h = 11*h - 1019821. Is h composite?
True
Let l = 12241 - -80699. Suppose 0 = -12*w - 0*w + l. Is w a prime number?
False
Let v(w) = 505*w - 39. Let u(m) = m**3 - m**2 + 5*m - 6. Let f be u(4). Let s = f - 56. Is v(s) prime?
False
Let g = 442927 - -1085884. Is g composite?
False
Let b = -36430 - -77818. Let l = b - 26645. Is l a composite number?
True
Suppose 2*o - k = -16, k + 8 = -o - 4*k. Let d be -4 + (-7)/(7/o). Suppose 0 = -d*n + 4*h + 2232, -2263 = -3*n + h - 599. Is n prime?
False
Let g(u) = 12881*u - 660. Is g(19) composite?
True
Let o(i) = 3749*i**2 - 135*i + 25. Is o(-6) a composite number?
False
Suppose -1576503 - 699026 = -75*r + 7757146. Is r a prime number?
True
Let j(h) = -7*h + 29. Let d be j(5). Let a(l) = l**2 - 8*l - 15. Let v be a(d). Let n = 718 + v. Is n a composite number?
False
Suppose -17*f - 5*n = -13*f - 240001, -3*f + 179999 = 2*n. Is f composite?
False
Suppose -4*q + 10 + 18 = 0. Suppose q + 1 = -8*d. Let b(g) = -1164*g**3 + g. Is b(d) composite?
False
Is (1047490/(-372) + 2 + 12)*-138*1 a composite number?
True
Let y = -765250 + 1387809. Is y a prime number?
False
Suppose -10*t + 1 = 51. Let d(b) = 97*b**2 + 7*b - 4. Is d(t) composite?
True
Suppose 1969*p - 1802*p = 199588213. Is p a prime number?
False
Let w(o) = 5540*o**2 - o + 1. Let f be w(1). Let c = f + -3861. Suppose 1348 = 3*h - c. Is h prime?
True
Is (11 - 84460/60)/(2/(-15)) + 2 a prime number?
True
Let p(d) = -d**3 - 36*d**2 - 3*d - 101. Let g be p(-36). Is (-2)/g + 37972/308 prime?
False
Suppose 5*b - 19260 + 6095 = -3*s, 4*s = 0. Is b prime?
True
Suppose 2*v = v + 3, -3*u + 3*v + 1356 = 0. Let z = u + -234. Let s = 1767 - z. Is s composite?
True
Let m(c) = -459*c**2 + 4*c + 20. Let j be m(-3). Let s = j - -5984. Is s a prime number?
True
Let q be (6/20*4)/((-4)/(-10)). Suppose 5*a - 7407 = -q*i, -i + 1009 = -a + 2484. Let m = a - -1102. Is m a composite number?
True
Let x be (-11)/(-66) + 719/6. Let y = 116 - x. Is (-2711)/y - ((-22)/(-8) + -2) prime?
True
Let k(v) = 501*v - 61. Let z(x) = x**2 + 4*x - 17. Let o be z(4). Is k(o) composite?
True
Let v(x) = 2*x**2 - 7*x + 5. Let s be v(5). Let r be s*3*(-4)/24. Is (-59928)/(-120) - (-4)/r composite?
False
Suppose 13394 = -3*i + 2483. Let z = 6911 + i. Suppose 3346 + z = 4*x. Is x prime?
False
Suppose 15*m = 2445304 + 2412881. Is m a prime number?
True
Let w = 2224 + -1235. Let l = 2606 + w. Is l composite?
True
Suppose 256 = -4*r + 4*g, 2*r + g = -86 - 27. Let o = r + 76. Let i(w) = -w**2 + 22*w + 4. Is i(o) composite?
False
Let m be (-4)/(-4 + 2) + (-9)/(-3). Suppose g = u + 799, 0*g = -g - m*u + 775. Suppose 1844 + g = 7*s. Is s prime?
False
Let k = -56 + 59. Let r = 1 + k. Suppose 8 = -r*n, j + n - 1669 = -2*j. Is j a composite number?
False
Suppose 19*b + 51964 = 30*b. Is 10 + b + 2 + -3 a composite number?
False
Suppose -8*k - 19*k = -59*k + 3946848. Is k prime?
False
Suppose -570 = -7*i - 150. Suppose f + 3*l - 2828 = 0, 59*l - i*l - 14220 = -5*f. Is f a composite number?
False
Suppose 3*a - u = -3698, 2*u + 1206 = -a - 3*u. Let l = -137 - a. Is l composite?
True
Suppose -2*u = -149*y + 148*y + 24391, 3*y - 2*u = 73185. Is y a composite number?
True
Suppose -564*h = -585*h + 550851. Is h a prime number?
False
Let l = 32 - 28. Suppose 3*q + 3*s = 30, l*s - s = 5*q - 10. Suppose q*d - 4481 = -1326. Is d prime?
True
Is (-2689626)/(-12) + (-55)/10 + -1 prime?
True
Is -1 - 2839504/(-30) - (-202)/(-1515) prime?
True
Suppose -2*w + 1421029 + 3700789 = -4*y, 0 = -w + 5*y + 2560906. Is w a composite number?
True
Suppose 0 = 2*p, -51*t + 146005 = -50*t - 5*p. Is t a prime number?
False
Let w(n) = 11*n - 49. Let s be 